{"id":3644,"date":"2024-08-17T12:44:23","date_gmt":"2024-08-17T11:44:23","guid":{"rendered":"https:\/\/www.instop.biz\/blog\/?page_id=3644"},"modified":"2024-08-30T09:57:18","modified_gmt":"2024-08-30T08:57:18","slug":"accesorios-y-consumibles","status":"publish","type":"page","link":"https:\/\/www.instop.biz\/blog\/guia\/accesorios-y-consumibles\/","title":{"rendered":"Accesorios y consumibles para topograf\u00eda"},"content":{"rendered":"<p>&nbsp;<\/p>\n<ul>\n<li>\n<h1><a href=\"https:\/\/movil.instop.es\/categories.php?tipo=45\">Accesorios<\/a><\/h1>\n<ul>\n<li><a href=\"https:\/\/www.instop.biz\/blog\/jalones-topograficos\/\">Jalones para topograf\u00eda<\/a><\/li>\n<li><a href=\"https:\/\/www.instop.biz\/blog\/tripodes-para-topografia\/\">Tr\u00edpodes para topograf\u00eda Leica<\/a><\/li>\n<li><a href=\"https:\/\/www.instop.biz\/blog\/miras-leica-para-topografia\/\">Miras para topograf\u00eda Leica<\/a><\/li>\n<li><a href=\"https:\/\/www.instop.biz\/blog\/leica-prismas-maximo-alcance-y-precision\/\">Prismas Leica<\/a><\/li>\n<li><a href=\"https:\/\/www.instop.biz\/blog\/leica-baterias-y-cargadores-originales\/\">Bater\u00edas y cargadores originales de Leica<\/a><\/li>\n<\/ul>\n<\/li>\n<li>\n<h1><a href=\"https:\/\/movil.instop.es\/categories.php?tipo=332\">Consumibles<\/a><\/h1>\n<ul>\n<li><a href=\"https:\/\/www.instop.biz\/blog\/estacas-de-madera-para-topografia\/\">Estacas de madera para topograf\u00eda<\/a><\/li>\n<li><a href=\"https:\/\/www.instop.biz\/blog\/aerosol-para-topografia\/\">Spray para obra<\/a><\/li>\n<li><a href=\"https:\/\/www.instop.biz\/blog\/clavos-para-topografia\/\">Clavos para topograf\u00eda<\/a><\/li>\n<li><a href=\"https:\/\/www.instop.biz\/blog\/dianas-reflectantes-adhesivas-para-topografia\/\">Dianas reflectantes<\/a><\/li>\n<\/ul>\n<\/li>\n<\/ul>\n<p>&nbsp;<\/p>\n<p>&nbsp;<\/p>\n<p>Benef\u00edciese de la calidad, precisi\u00f3n y fiabilidad de los Accesorios Originales Leica Geosystems, perfectamente adaptados a los equipos de medici\u00f3n de Leica Geosystems. Reconocer\u00e1 los accesorios Originales de Leica Geosystems por su etiqueta de seguridad con c\u00f3digo \u00fanico y logo de color cambiante, situados tanto en el envoltorio como \u00e9l en folleto adicional.<br \/>\nDisponemos de un&#8217;amplia gama de accesorios para topograf\u00eda, ingenier\u00eda y construcci\u00f3n que puede consultar en nuestra p\u00e1gina web <a href=\"https:\/\/www.instop.es\/accesorios\/accesorios.php\">www.instop.es<\/a>.<\/p>\n<p>&nbsp;<\/p>\n<p><a href=\"https:\/\/www.instop.es\/accesorios\/accesorios.php\"><img loading=\"lazy\" decoding=\"async\" width=\"571\" height=\"180\" class=\"alignnone size-full wp-image-2183\" src=\"https:\/\/www.instop.biz\/blog\/wp-content\/uploads\/2019\/08\/acc.jpg\" alt=\"\" srcset=\"https:\/\/www.instop.biz\/blog\/wp-content\/uploads\/2019\/08\/acc.jpg 571w, https:\/\/www.instop.biz\/blog\/wp-content\/uploads\/2019\/08\/acc-300x95.jpg 300w, https:\/\/www.instop.biz\/blog\/wp-content\/uploads\/2019\/08\/acc-260x82.jpg 260w\" sizes=\"auto, (max-width: 571px) 100vw, 571px\" \/><\/a><\/p>\n<p>&nbsp;<\/p>\n<p class=\"p1\">Se incluyen instrumentos\u00a0 como prismas, tr\u00edpodes, topograf\u00eda, se\u00f1ales, jalones, miras, bater\u00edas y cargadores, cables, bases nivelantes, tr\u00edpodes, accesorios de medici\u00f3n, tornillos, adaptadores, radiotel\u00e9fonos y accesorios espec\u00edficos para el sector ferroviario.<\/p>\n<p>&nbsp;<\/p>\n<p><a href=\"https:\/\/www.instop.es\/accesorios\/accesorios.php\"><img loading=\"lazy\" decoding=\"async\" class=\"alignnone wp-image-2186\" src=\"https:\/\/www.instop.biz\/blog\/wp-content\/uploads\/2019\/08\/Leica_Reflectors_pic_1766x750_NEW.jpg\" alt=\"\" width=\"621\" height=\"264\" srcset=\"https:\/\/www.instop.biz\/blog\/wp-content\/uploads\/2019\/08\/Leica_Reflectors_pic_1766x750_NEW.jpg 1766w, https:\/\/www.instop.biz\/blog\/wp-content\/uploads\/2019\/08\/Leica_Reflectors_pic_1766x750_NEW-600x255.jpg 600w, https:\/\/www.instop.biz\/blog\/wp-content\/uploads\/2019\/08\/Leica_Reflectors_pic_1766x750_NEW-300x127.jpg 300w, https:\/\/www.instop.biz\/blog\/wp-content\/uploads\/2019\/08\/Leica_Reflectors_pic_1766x750_NEW-768x326.jpg 768w, https:\/\/www.instop.biz\/blog\/wp-content\/uploads\/2019\/08\/Leica_Reflectors_pic_1766x750_NEW-1024x435.jpg 1024w, https:\/\/www.instop.biz\/blog\/wp-content\/uploads\/2019\/08\/Leica_Reflectors_pic_1766x750_NEW-260x110.jpg 260w\" sizes=\"auto, (max-width: 621px) 100vw, 621px\" \/><\/a><\/p>\n<p>&nbsp;<\/p>\n<p>&nbsp;<\/p>\n<h2>Notas importantes<\/h2>\n<p><a href=\"https:\/\/www.instop.biz\/blog\/identifica-los-accesorios-originales-leica-geosystems\/\">Identificaci\u00f3n de los accesorios originales de Leica Geosystems<\/a><\/p>\n<p>&nbsp;<\/p>\n<p>&nbsp;<\/p>\n","protected":false},"excerpt":{"rendered":"<p>&nbsp; Accesorios Jalones para topograf\u00eda Tr\u00edpodes para topograf\u00eda Leica Miras para topograf\u00eda Leica Prismas Leica Bater\u00edas y cargadores originales de [&hellip;]<\/p>\n","protected":false},"author":1,"featured_media":0,"parent":3686,"menu_order":0,"comment_status":"closed","ping_status":"closed","template":"","meta":{"site-container-style":"default","site-container-layout":"default","site-sidebar-layout":"default","disable-article-header":"default","disable-site-header":"default","disable-site-footer":"default","disable-content-area-spacing":"default","footnotes":""},"class_list":["post-3644","page","type-page","status-publish","hentry"],"aioseo_notices":[],"_links":{"self":[{"href":"https:\/\/www.instop.biz\/blog\/wp-json\/wp\/v2\/pages\/3644","targetHints":{"allow":["GET"]}}],"collection":[{"href":"https:\/\/www.instop.biz\/blog\/wp-json\/wp\/v2\/pages"}],"about":[{"href":"https:\/\/www.instop.biz\/blog\/wp-json\/wp\/v2\/types\/page"}],"author":[{"embeddable":true,"href":"https:\/\/www.instop.biz\/blog\/wp-json\/wp\/v2\/users\/1"}],"replies":[{"embeddable":true,"href":"https:\/\/www.instop.biz\/blog\/wp-json\/wp\/v2\/comments?post=3644"}],"version-history":[{"count":14,"href":"https:\/\/www.instop.biz\/blog\/wp-json\/wp\/v2\/pages\/3644\/revisions"}],"predecessor-version":[{"id":3840,"href":"https:\/\/www.instop.biz\/blog\/wp-json\/wp\/v2\/pages\/3644\/revisions\/3840"}],"up":[{"embeddable":true,"href":"https:\/\/www.instop.biz\/blog\/wp-json\/wp\/v2\/pages\/3686"}],"wp:attachment":[{"href":"https:\/\/www.instop.biz\/blog\/wp-json\/wp\/v2\/media?parent=3644"}],"curies":[{"name":"wp","href":"https:\/\/api.w.org\/{rel}","templated":true}]}}