{"id":4101,"date":"2024-09-11T16:23:32","date_gmt":"2024-09-11T16:23:32","guid":{"rendered":"https:\/\/www.instop.biz\/blog\/producto\/cyclone-field-360-blk-edition\/"},"modified":"2024-09-11T15:25:51","modified_gmt":"2024-09-11T14:25:51","slug":"cyclone-field-360-blk-edition","status":"publish","type":"product","link":"https:\/\/www.instop.biz\/blog\/producto\/cyclone-field-360-blk-edition\/","title":{"rendered":"Cyclone FIELD 360 (BLK Edition)"},"content":{"rendered":"<table style=\"width: 90%;\" border=\"0\" cellspacing=\"15\" cellpadding=\"1\">\n<tbody>\n<tr>\n<td colspan=\"2\"><img decoding=\"async\" style=\"height: 290px; width: 800px;\" src=\"https:\/\/www.instop.es\/b\/Cyclone-FIELD-360-2.jpg\" alt=\"\" \/><\/td>\n<\/tr>\n<tr>\n<td colspan=\"2\">Como parte de la soluci\u00f3n Leica Geosystems 3D Reality Capture, la aplicaci\u00f3n m\u00f3vil Leica Cyclone FIELD 360 conecta la adquisici\u00f3n de datos 3D directamente en el campo con el esc\u00e1ner l\u00e1ser RTC360 o el esc\u00e1ner l\u00e1ser de im\u00e1genes BLK360, y con el software de procesamiento final Leica Cyclone REGISTER 360 en la oficina.<\/p>\n<p>En el lugar, el usuario puede capturar, registrar y examinar autom\u00e1ticamente los datos de escaneo e im\u00e1genes. La interfaz de usuario combina la facilidad de manejo de c\u00e1lculos complejos con una gu\u00eda gr\u00e1fica, lo que ofrece una experiencia notable incluso para usuarios principiantes.<\/td>\n<\/tr>\n<tr>\n<td>\n<h2>Ver<\/h2>\n<p>La aplicaci\u00f3n de alto rendimiento para dispositivos m\u00f3viles Leica Cyclone FIELD 360 es el compa\u00f1ero de campo perfecto para el l\u00e1ser esc\u00e1ner 3D Leica RTC360, as\u00ed como para el l\u00e1ser esc\u00e1ner Leica BLK360. Con su interfaz de usuario intuitiva, el control remoto del esc\u00e1ner y la visualizaci\u00f3n de nubes de puntos in situ, la navegaci\u00f3n es muy sencilla, incluso para los usuarios principiantes, con im\u00e1genes completas y datos de nubes de puntos entregados directamente en un tablet utilizando tecnolog\u00eda inform\u00e1tica de vanguardia.<\/p>\n<p>&nbsp;<\/td>\n<td><img decoding=\"async\" style=\"height: 400px; width: 400px;\" src=\"https:\/\/www.instop.es\/scanner-3d\/RTC360\/Leica-RTC360-LT-13-600.jpg\" alt=\"\" \/><\/td>\n<\/tr>\n<tr>\n<td><img decoding=\"async\" style=\"height: 400px; width: 400px;\" src=\"https:\/\/www.instop.es\/scanner-3d\/RTC360\/Leica-RTC360-22.jpg\" alt=\"\" \/><\/td>\n<td>\n<h2>Revisa<\/h2>\n<p>El acceso en tiempo real a los datos y su visualizaci\u00f3n son la base del control de calidad en el campo; con Cyclone FIELD 360, los datos de nubes de puntos previamente registrados de forma autom\u00e1tica permiten a los usuarios realizar r\u00e1pidamente controles de calidad in situ, mejorar la productividad y tomar decisiones mejor informadas en el campo.<\/td>\n<\/tr>\n<tr>\n<td>\n<h2>A\u00f1adir<\/h2>\n<p>Para facilitar la interpretaci\u00f3n en el post-proco del Leica Cyclone REGISTER 360, y para a\u00f1adir valor e informaci\u00f3n adicional a los datos 3D, Cyclone FIELD 360 permite el etiquetado in situ de mediciones, v\u00eddeos, im\u00e1genes, archivos de texto o de voz a la geometr\u00eda de las nubes de puntos simplemente utilizando una tableta o un smartphone.<\/td>\n<td><img decoding=\"async\" style=\"height: 400px; width: 400px;\" src=\"https:\/\/www.instop.es\/scanner-3d\/RTC360\/05_CLEAN-3.jpg\" alt=\"\" \/><\/td>\n<\/tr>\n<tr>\n<td><\/td>\n<td>\n<h2>\u00a1Consigue la App hoy mismo!<\/h2>\n<p>La aplicaci\u00f3n para dispositivos m\u00f3viles Cyclone FIELD 360 se puede descargar gratuitamente. Se requiere una licencia v\u00e1lida de Cyclone REGISTER o Cyclone REGISTER 360 para activar Cyclone FIELD 360 ya que las credenciales de acceso son las mismas. Descargue la aplicaci\u00f3n Cyclone FIELD 360 desde la App Store o Google Play.<\/td>\n<\/tr>\n<\/tbody>\n<\/table>\n<p>&nbsp;<\/p>\n","protected":false},"excerpt":{"rendered":"<p>Como parte de la soluci\u00f3n Leica Geosystems 3D Reality Capture, la aplicaci\u00f3n m\u00f3vil Leica Cyclone FIELD 360 conecta la adquisici\u00f3n [&hellip;]<\/p>\n","protected":false},"featured_media":4102,"comment_status":"open","ping_status":"closed","template":"","meta":{"site-container-style":"default","site-container-layout":"default","site-sidebar-layout":"default","disable-article-header":"default","disable-site-header":"default","disable-site-footer":"default","disable-content-area-spacing":"default"},"product_brand":[],"product_cat":[9582],"product_tag":[],"class_list":{"0":"post-4101","1":"product","2":"type-product","3":"status-publish","4":"has-post-thumbnail","6":"product_cat-software","8":"first","9":"outofstock","10":"taxable","11":"shipping-taxable","12":"product-type-simple"},"aioseo_notices":[],"_links":{"self":[{"href":"https:\/\/www.instop.biz\/blog\/wp-json\/wp\/v2\/product\/4101","targetHints":{"allow":["GET"]}}],"collection":[{"href":"https:\/\/www.instop.biz\/blog\/wp-json\/wp\/v2\/product"}],"about":[{"href":"https:\/\/www.instop.biz\/blog\/wp-json\/wp\/v2\/types\/product"}],"replies":[{"embeddable":true,"href":"https:\/\/www.instop.biz\/blog\/wp-json\/wp\/v2\/comments?post=4101"}],"wp:featuredmedia":[{"embeddable":true,"href":"https:\/\/www.instop.biz\/blog\/wp-json\/wp\/v2\/media\/4102"}],"wp:attachment":[{"href":"https:\/\/www.instop.biz\/blog\/wp-json\/wp\/v2\/media?parent=4101"}],"wp:term":[{"taxonomy":"product_brand","embeddable":true,"href":"https:\/\/www.instop.biz\/blog\/wp-json\/wp\/v2\/product_brand?post=4101"},{"taxonomy":"product_cat","embeddable":true,"href":"https:\/\/www.instop.biz\/blog\/wp-json\/wp\/v2\/product_cat?post=4101"},{"taxonomy":"product_tag","embeddable":true,"href":"https:\/\/www.instop.biz\/blog\/wp-json\/wp\/v2\/product_tag?post=4101"}],"curies":[{"name":"wp","href":"https:\/\/api.w.org\/{rel}","templated":true}]}}