{"id":4247,"date":"2024-09-30T11:03:24","date_gmt":"2024-09-30T11:03:24","guid":{"rendered":"https:\/\/www.instop.biz\/blog\/producto\/gst05-tripode-de-madera-extensible\/"},"modified":"2024-09-30T10:05:01","modified_gmt":"2024-09-30T09:05:01","slug":"gst05-tripode-de-madera-extensible","status":"publish","type":"product","link":"https:\/\/www.instop.biz\/blog\/producto\/gst05-tripode-de-madera-extensible\/","title":{"rendered":"GST05 Tr\u00edpode de madera extensible"},"content":{"rendered":"<p>Versi\u00f3n ligera con revestimiento pl\u00e1stico para una larga vida \u00fatil. Apto para instrumentos TPS con precisi\u00f3n de medici\u00f3n angular a partir de 5\u201d, reflectores y antenas GNSS. Longitud 107 cm, telesc\u00f3pico hasta 176 cm, peso 5,6 kg.<\/p>\n","protected":false},"excerpt":{"rendered":"<p>Versi\u00f3n ligera con revestimiento pl\u00e1stico para una larga vida \u00fatil. Apto para instrumentos TPS con precisi\u00f3n de medici\u00f3n angular a [&hellip;]<\/p>\n","protected":false},"featured_media":4248,"comment_status":"open","ping_status":"closed","template":"","meta":{"site-container-style":"default","site-container-layout":"default","site-sidebar-layout":"default","disable-article-header":"default","disable-site-header":"default","disable-site-footer":"default","disable-content-area-spacing":"default"},"product_brand":[],"product_cat":[9579],"product_tag":[],"class_list":{"0":"post-4247","1":"product","2":"type-product","3":"status-publish","4":"has-post-thumbnail","6":"product_cat-accesorios","8":"first","9":"outofstock","10":"taxable","11":"shipping-taxable","12":"product-type-simple"},"aioseo_notices":[],"_links":{"self":[{"href":"https:\/\/www.instop.biz\/blog\/wp-json\/wp\/v2\/product\/4247","targetHints":{"allow":["GET"]}}],"collection":[{"href":"https:\/\/www.instop.biz\/blog\/wp-json\/wp\/v2\/product"}],"about":[{"href":"https:\/\/www.instop.biz\/blog\/wp-json\/wp\/v2\/types\/product"}],"replies":[{"embeddable":true,"href":"https:\/\/www.instop.biz\/blog\/wp-json\/wp\/v2\/comments?post=4247"}],"wp:featuredmedia":[{"embeddable":true,"href":"https:\/\/www.instop.biz\/blog\/wp-json\/wp\/v2\/media\/4248"}],"wp:attachment":[{"href":"https:\/\/www.instop.biz\/blog\/wp-json\/wp\/v2\/media?parent=4247"}],"wp:term":[{"taxonomy":"product_brand","embeddable":true,"href":"https:\/\/www.instop.biz\/blog\/wp-json\/wp\/v2\/product_brand?post=4247"},{"taxonomy":"product_cat","embeddable":true,"href":"https:\/\/www.instop.biz\/blog\/wp-json\/wp\/v2\/product_cat?post=4247"},{"taxonomy":"product_tag","embeddable":true,"href":"https:\/\/www.instop.biz\/blog\/wp-json\/wp\/v2\/product_tag?post=4247"}],"curies":[{"name":"wp","href":"https:\/\/api.w.org\/{rel}","templated":true}]}}