{"id":4399,"date":"2024-10-08T11:05:30","date_gmt":"2024-10-08T11:05:30","guid":{"rendered":"https:\/\/www.instop.biz\/blog\/producto\/tripode-de-carbono-benro-mach3para-laser-scanner-leica-blk\/"},"modified":"2024-10-08T10:22:11","modified_gmt":"2024-10-08T09:22:11","slug":"tripode-de-carbono-benro-mach3para-laser-scanner-leica-blk","status":"publish","type":"product","link":"https:\/\/www.instop.biz\/blog\/producto\/tripode-de-carbono-benro-mach3para-laser-scanner-leica-blk\/","title":{"rendered":"Tr\u00edpode de Carbono BENRO MACH3\r\npara Laser Scanner Leica BLK"},"content":{"rendered":"<p>Mach3 es nuestro rango m\u00e1s avanzado de tr\u00edpodes m\u00e1s tradicionales para fotograf\u00eda; la serie combina dise\u00f1o cl\u00e1sico con materiales avanzados. Bloqueos giratorios de alto rendimiento y aleaci\u00f3n de magnesio hacen que el MACH3 sea perfecto para sesiones de fotos en interior y en exterior. Tr\u00edpode de fibra de carbono TMA38CL Long Series 3 Mach3 de Benro hecho de fibra de carbono de 9 capas, las patas de 4 secciones se aseguran mediante cierres giratorios y se extienden hasta una altura m\u00e1xima de 177 cm.<\/p>\n<p>La columna central se puede reemplazar con la columna corta incluida para permitir que el tr\u00edpode alcance una altura m\u00ednima de 35.6 cm. Las patas de goma se pueden intercambiar por punzones de metal para que el tr\u00edpode pueda usarse en superficies duras como hielo, o blandas, como alfombras o c\u00e9sped. Un gancho de lastre en la columna central permite adiccionar peso estabilizador, y el estuche de transporte incluido protege el tr\u00edpode durante el transporte.<\/p>\n","protected":false},"excerpt":{"rendered":"<p>Mach3 es nuestro rango m\u00e1s avanzado de tr\u00edpodes m\u00e1s tradicionales para fotograf\u00eda; la serie combina dise\u00f1o cl\u00e1sico con materiales avanzados. [&hellip;]<\/p>\n","protected":false},"featured_media":4400,"comment_status":"open","ping_status":"closed","template":"","meta":{"site-container-style":"default","site-container-layout":"default","site-sidebar-layout":"default","disable-article-header":"default","disable-site-header":"default","disable-site-footer":"default","disable-content-area-spacing":"default"},"product_brand":[],"product_cat":[9597],"product_tag":[],"class_list":{"0":"post-4399","1":"product","2":"type-product","3":"status-publish","4":"has-post-thumbnail","6":"product_cat-accesorios-para-escaneres-3d-2","8":"first","9":"instock","10":"taxable","11":"shipping-taxable","12":"product-type-simple"},"aioseo_notices":[],"_links":{"self":[{"href":"https:\/\/www.instop.biz\/blog\/wp-json\/wp\/v2\/product\/4399","targetHints":{"allow":["GET"]}}],"collection":[{"href":"https:\/\/www.instop.biz\/blog\/wp-json\/wp\/v2\/product"}],"about":[{"href":"https:\/\/www.instop.biz\/blog\/wp-json\/wp\/v2\/types\/product"}],"replies":[{"embeddable":true,"href":"https:\/\/www.instop.biz\/blog\/wp-json\/wp\/v2\/comments?post=4399"}],"wp:featuredmedia":[{"embeddable":true,"href":"https:\/\/www.instop.biz\/blog\/wp-json\/wp\/v2\/media\/4400"}],"wp:attachment":[{"href":"https:\/\/www.instop.biz\/blog\/wp-json\/wp\/v2\/media?parent=4399"}],"wp:term":[{"taxonomy":"product_brand","embeddable":true,"href":"https:\/\/www.instop.biz\/blog\/wp-json\/wp\/v2\/product_brand?post=4399"},{"taxonomy":"product_cat","embeddable":true,"href":"https:\/\/www.instop.biz\/blog\/wp-json\/wp\/v2\/product_cat?post=4399"},{"taxonomy":"product_tag","embeddable":true,"href":"https:\/\/www.instop.biz\/blog\/wp-json\/wp\/v2\/product_tag?post=4399"}],"curies":[{"name":"wp","href":"https:\/\/api.w.org\/{rel}","templated":true}]}}